*f + c. What are the prime factors of f?
2, 3, 11
Let c(y) be the third derivative of -y**6/120 - y**5/15 - 3*y**4/8 - 3*y**3/2 + 18*y**2. List the prime factors of c(-6).
3, 13
Suppose d - 6*z + 2*z = 400, 0 = 3*d - 3*z - 1227. List the prime factors of d.
2, 103
Let w be 5/(-10)*(-10 - 0). Suppose -4*d + 57 = -w*y, -2*y - 3*d = -3*y - 7. Let v = y - -17. List the prime factors of v.
2
Suppose a - 50 = -2*z, -2*a + 2*z = -z - 65. Let w = a + 0. What are the prime factors of w?
2, 5
Let o(m) = 3*m - 1. Let d be o(7). Suppose d*b - 627 = 9*b. List the prime factors of b.
3, 19
Suppose -p + 119 + 31 = 0. Let g = p - 215. Let s = -41 - g. What are the prime factors of s?
2, 3
Let s = -71 - -93. What are the prime factors of (-4)/s + (-8631)/(-99)?
3, 29
Suppose -n = 3*c - 745, -270 = -6*c + 5*c + 4*n. What are the prime factors of c?
2, 5
List the prime factors of (217/(-35) - -6) + (-4541)/(-5).
2, 227
Let y = 66 - 60. Suppose 1040 = y*a + 26. List the prime factors of a.
13
Suppose j = 120 - 341. Let f = 309 + j. What are the prime factors of f?
2, 11
Let l(r) = r**2 + 6*r + 8. Let s(b) = -b**2 - 6*b - 6. Suppose 5*m + c + 4*c + 40 = 0, 5*m + 3*c + 36 = 0. Let k be s(m). List the prime factors of l(k).
2
Let j be (-1 + (2 - 3))/(-1). Suppose j*z = 15 + 361. What are the prime factors of z?
2, 47
Let j(q) = 130*q - 51. What are the prime factors of j(4)?
7, 67
Suppose 423 = 2*y + 5*j, 5*y - 7*j + 5*j = 1130. List the prime factors of y.
2, 7
Let s = 1836 - 301. List the prime factors of s.
5, 307
Let l = -15 + 55. Let i = -56 + l. Let n = -8 - i. What are the prime factors of n?
2
Let v(b) = 34*b - 16. Let q be v(5). Suppose 5*c = 3*a - q, 4*a + 2*c - 4*c - 182 = 0. What are the prime factors of a?
43
Suppose 0 = 15*u - 19*u + 2*r + 2824, 5*u - 3508 = -3*r. List the prime factors of u.
2, 11
Let v = -219 - -588. List the prime factors of v.
3, 41
Let x(p) = -2 - 20*p + 18*p - 47*p. List the prime factors of x(-1).
47
Suppose 1 = -b + 6. Suppose 0 = 5*x + b*z + 20, 2*z + 4 + 1 = -x. What are the prime factors of (x/2)/(3/(-40))?
2, 5
Suppose 2*a + 14 - 2 = 0. Let i be (1 - 0)/(1/a). What are the prime factors of i/15 + (-152)/(-5)?
2, 3, 5
Let r = 23 - 18. Suppose v - 116 = -2*v - f, -5 = r*f. Suppose v - 1 = 2*n. List the prime factors of n.
19
Suppose 2*l - 4*l - 6 = 0. Let f(x) = -x - 1. Let i be f(l). Suppose 3*u = i*j - 2, 0 = -u + 2*j + 2 - 8. What are the prime factors of u?
2
Let k(x) = 5*x**3 - 2*x. Let t be k(4). Let r be t/84 - (-4)/14. Suppose -u - 42 = -r*u. List the prime factors of u.
2, 7
Let g(r) be the third derivative of -r**5/60 - r**4/12 + 119*r**3/6 - r**2. List the prime factors of g(0).
7, 17
Let q = -421 + 745. Suppose 0 = -117*v + 113*v + q. List the prime factors of v.
3
Let h(m) = 72*m - 42. What are the prime factors of h(19)?
2, 3, 13, 17
List the prime factors of -9 + (-496)/(-12) - (-4)/6.
3, 11
What are the prime factors of 16/(-6)*81/(-6)?
2, 3
Let u = -2 + 4. Suppose u = 2*l - 4. Suppose 15 = l*o, -3*o + 7 = -2*n - 4. List the prime factors of n.
2
Let h(g) = 4 + 3 + g - 8. Let a be h(9). What are the prime factors of a/(-36) + 166/18?
3
Let r = 186 + -625. Let b = -313 - r. List the prime factors of b.
2, 3, 7
Suppose 0 = -g + 7*u + 182, g + 3*u - 38 - 94 = 0. What are the prime factors of g?
3, 7
Let r(z) = z**2 - 2*z - 1. Let n be r(3). Let c(i) = -i**2 + 3*i - 1. Let a be c(n). What are the prime factors of (a/(-2))/(4/(-96))?
2, 3
Let l(t) = 24*t**2 - 3. Let r be ((-4)/3)/((-4)/(-6)). What are the prime factors of l(r)?
3, 31
Suppose -u - 14 = -3*u. Let z be 1/(-2) - u/(-2). Let q(d) = -d**3 + 6*d**2 - 4*d - 1. List the prime factors of q(z).
2, 7
Suppose 0 = 4*j - 57 + 33. Suppose -296 = j*h - 950. What are the prime factors of h?
109
Suppose -2*p = -24 - 12. Let j = p - -7. List the prime factors of j.
5
Let y(r) be the second derivative of -4*r**3 - 5*r**2 + 16*r. What are the prime factors of y(-3)?
2, 31
Let u = 3037 + -1567. List the prime factors of u.
2, 3, 5, 7
Let i be (3*-5)/(-3) + -1. Suppose i*s - 252 = -0*s. List the prime factors of s.
3, 7
Let r(y) = 1559*y**3 - 7*y**2 + 5*y. What are the prime factors of r(1)?
3, 173
Suppose -4*u + 17 = -3*y, -2*u + 5*y + 6 = y. Suppose 0*d - u*d = -20. Suppose 3*b - 152 = -0*b + 4*z, 0 = -4*b - d*z + 240. List the prime factors of b.
2, 7
Suppose -344 = -y + 5*t + 1608, -4*t + 3862 = 2*y. What are the prime factors of y?
13, 149
Let m(s) = -s**3 - s**2 + 2*s + 4. Suppose 0 = -3*z - z. Let h be m(z). Suppose 0 = 4*n - h*o - 120, -n - 4*o + 34 = -3*o. What are the prime factors of n?
2
Suppose 5*g + 0*g - 7730 = -2*t, 5*g - 3865 = -t. What are the prime factors of t?
5, 773
Let g(w) = 10*w**2 + 13*w + 40. What are the prime factors of g(-10)?
2, 5, 7, 13
Let w be 1 + 45 - 0/1. Suppose -1414 + 394 = -10*n. Let g = n - w. List the prime factors of g.
2, 7
Let v be ((-9)/(-6))/(6/496). Let b be (-330)/(-20)*(-32)/(-6). Let d = v - b. What are the prime factors of d?
2, 3
Let y = 104 + -105. What are the prime factors of 8 + 8 + y + (-9)/3?
2, 3
Let u = -130 + 220. Let f = 594 - u. What are the prime factors of 4/(-2)*f/(-16)?
3, 7
Let a(i) = -9*i**2 - 8*i - 10. Let r be a(-2). Let c = -72 + 117. Let w = c + r. List the prime factors of w.
3, 5
Suppose 5*q + 1080 = 10*q. Suppose q + 12 = 3*g. List the prime factors of g.
2, 19
Let s be -2 + 1 + (-6)/(-2). Suppose 0 = -i + 4 - s, -2*i = -2*t + 124. What are the prime factors of t?
2
Suppose -204 = 12*f - 15*f. Let d = 104 - f. List the prime factors of d.
2, 3
Suppose -68*w + 6 = -71*w. What are the prime factors of (((-32)/(-4))/4)/(w/(-232))?
2, 29
Suppose 0*w + 45850 = 25*w. List the prime factors of w.
2, 7, 131
Let c = -112 - -205. Suppose 2*l = -c + 101. List the prime factors of l.
2
Let d be 2 + (2 - 3 - -1). Let v be ((-7)/(-14))/((-1)/d). Let s = 24 - v. What are the prime factors of s?
5
Let f be 118/4*2*1. Let j = 53 + -57. Let h = j + f. What are the prime factors of h?
5, 11
Suppose c + 20 = 6*c. Suppose -8 - 8 = -c*g. Suppose -3*z - g = -43. List the prime factors of z.
13
Suppose -2*x + x + 5 = 0. What are the prime factors of x/(10/(-39))*-4?
2, 3, 13
Suppose 4*z - 3*z - 111 = 0. Suppose -5*x + l + l + z = 0, -x + 2*l + 27 = 0. Suppose -x + 10 = -g. List the prime factors of g.
11
Let x be (0 + -2)/(-7 - -6). Let l(n) = -8*n + 3*n**x + 0*n**2 + 5*n**2 + n**2 + 5 - n**3. What are the prime factors of l(8)?
5
Let f = -3218 + 6052. What are the prime factors of f?
2, 13, 109
Let u be (-7)/(-35) - 54/(-5). Suppose -2*v + 17 = u. List the prime factors of v.
3
Let x(r) = -r**2 - 6*r - 4. Let l be x(-4). List the prime factors of 3237/26 - (-2)/l.
5
Let l(a) = 39*a**2 + 11*a - 21. List the prime factors of l(5).
1009
Let j(k) = -14*k - 9. Let n be j(-1). Suppose 0 = x + n*s - 275, 4*x + 8*s - 3*s = 1115. List the prime factors of x.
2, 5, 7
Let u(w) = -w**2 + 15*w + 25. Let m be u(17). Let x be 8/(-6)*(m + 21). List the prime factors of 4/x + (-165)/(-4).
41
Let n = 2285 + -1159. What are the prime factors of n?
2, 563
Suppose d + 2*r + 24 = 3*d, 0 = -4*d - 3*r + 13. Suppose d*h - 9*h = -162. Suppose 5*j - 3*g - g - h = 0, -7 = j + 5*g. List the prime factors of j.
13
Suppose 4*p - 9*p + 860 = 0. Suppose 0 = -3*n + 12, 4*n + p = 4*v - 0*n. List the prime factors of v.
47
Suppose -3*b + u + 31 = 0, -5*b + 3*u = -10*b + 47. Let r be (b/15)/((-2)/(-15)). Suppose r*c - 65 = 3*m - 4*m, -c + m = -13. List the prime factors of c.
13
Suppose -2*w + 44*g + 946 = 42*g, 5 = g. What are the prime factors of w?
2, 239
Let t = 250 + 342. What are the prime factors of t?
2, 37
Suppose -22*p + 10991 = -3749. What are the prime factors of p?
2, 5, 67
Let y(a) = -5*a**2 - 11*a - 10. Let g(z) = 2*z**2 + 4*z + 3. Let v(s) = 8*g(s) + 3*y(s). Let x be 66/14 + 6/21. What are the prime factors of v(x)?
2, 7
Let k(r) = 3*r**2 - 8*r + 178. List the prime factors of k(16).
2, 409
Suppose -3 = q - 8. Suppose -p + q = -3. What are the prime factors of p?
2
List the prime factors of 9/(-12) - 16188/(-16).
3, 337
Suppose -5*n + 132 = 6*n. Suppose 2*f - n*f + 3060 = 0. List the prime factors of f.
2, 3, 17
Let j(i) = 6*i**2 - 3*i - 21. List the prime factors of j(7).
2, 3, 7
Let d(o) = o**3 - 13*o**2 + 4. Let s be d(13). Suppose